5*k + b - 16. Determine y(k).
1
Let g(x) be the third derivative of 1/24*x**4 + 0 + 0*x - 2/3*x**3 - 48*x**2. What is g(-5)?
-9
Let s(o) = -o**2 - 24*o - 78. Let v be s(-17). Let y(k) = 8*k + 16*k - v*k - 1 + 13*k. Give y(4).
-17
Let i(a) = 2*a + 3*a - 6*a + 1. Suppose -43 = 3*d - 25, 3*d + 21 = -g. Calculate i(g).
4
Let d = 556 - 551. Let i(t) = t**2 - 7. Calculate i(d).
18
Suppose -10 = -2*j + z, 5*j = -4*z - 0*z - 1. Let w(i) = -10*i + 1. Let f(h) = -9*h + 1. Let x(m) = 5*f(m) - 4*w(m). What is x(j)?
-14
Let s(y) = y**3 + 2*y**2 + 2. Let o = 26 - 28. Determine s(o).
2
Let p(i) = 6*i + 7. Suppose u = -5*w - 13, 2*u + 5*w + 13 = -8. Give p(u).
-41
Let a(y) be the first derivative of -2*y**3 + y**2/2 - 148. Calculate a(-1).
-7
Suppose 2*f - 4*h + 6*h = 22, -56 = -4*f - h. Let g be f/(-13) - (-12)/78. Let t(v) = 11*v**2 - 1. Determine t(g).
10
Let j be (-4)/(-6 - -2)*-5. Let c(l) = -2*l**2 - 12*l - 1. Calculate c(j).
9
Let f(o) = o - 1. Let z(j) = 6*j - 4. Let g(n) = -5*f(n) + z(n). Let k(b) = -4*b - 6. Let c(d) = -5*g(d) - k(d). What is c(-4)?
5
Suppose 117 - 41 = 4*i. Suppose 1 - i = -2*w. Let k(c) = c**2 - 9*c + 2. Calculate k(w).
2
Let a = -10 + 14. Suppose 30 - 6 = a*h. Let g(z) = 1 - h*z - 2 - 3*z**2 + 0*z + 4*z. Give g(-1).
-2
Let x(p) = p**2 + 4*p + 6. Suppose 8*s = 2*s - 12. Let n be x(s). Let t(j) = -2*j. What is t(n)?
-4
Let p be 14/(-3) + (-2)/(-3). Suppose -d - 3 = -5. Let s(a) = -18*a + 4*a**d + 15*a - 6 - 5*a**2. Calculate s(p).
-10
Let o(w) = w**2 - 3*w - 3. Suppose 3*i + 74 = r, r - 70 = 3*i + 2*r. Let b be i/4*(-2 - 6/(-4)). Give o(b).
-3
Let l be (147/12)/7*(8 - 0). Suppose 2*v + 6 - l = 0. Let t(k) = 0*k**2 + 0*k**2 - 2*k + k**2. Give t(v).
8
Suppose -6 = 2*o, -2*s = -4*o + o - 13. Let x(t) = -11 - t + 5 + 6*t**s + 6. Suppose 24 = -4*d + 5*u, -2*d - 4*u + 15 = -d. Give x(d).
7
Let h = -51 - -57. Let q(c) = 5*c**2 - 7*c - 4. Let z(t) = 4*t**2 - 6*t - 3. Let f(s) = h*z(s) - 5*q(s). What is f(2)?
-4
Let t = -33 - -36. Let r(g) = -294*g**3 - g - 2*g**2 + 293*g**t - 2*g. Calculate r(-2).
6
Let g(y) = -y - 1. Suppose 6*k - 27 - 51 = 0. Suppose 4*r + 2 + 1 = 3*j, -2*r + 3*j - 9 = 0. Suppose r*i - 4 = -k. Determine g(i).
2
Let n(z) = z**2 - 28*z - 99. Let o be n(-3). Let i(w) = w**3 + 6*w**2 + 3*w + 8. Calculate i(o).
-10
Let k(p) be the second derivative of -p**3/3 - 7*p**2/2 - 238*p + 2. Calculate k(-1).
-5
Let z(n) be the third derivative of n**8/20160 + n**7/1680 + n**6/360 + n**5/15 - 13*n**2. Let y(f) be the third derivative of z(f). Calculate y(-4).
6
Let b(l) be the first derivative of l**3/3 - 6*l**2 + 13*l - 655. Give b(9).
-14
Let s = 164 - 168. Let l(a) = -a**3 - 4*a**2 + a + 2. Determine l(s).
-2
Let g(l) = -7*l**2 + 10*l + 5. Let d(w) = -16*w**2 + 20*w + 11. Let x(a) = -3*d(a) + 7*g(a). What is x(9)?
11
Let t(s) = -s**3 - 9*s**2 - 8*s - 1. Let w = 43 + -32. Suppose w*a - 13*a - 16 = 0. Calculate t(a).
-1
Let h(o) = -3*o + 30. Let d be h(10). Let u(t) = -6 - 317*t**2 + d*t + 318*t**2 + 4*t. Give u(-6).
6
Let s(j) = 10*j - 4*j**2 - 12 + 13*j**2 - 10*j**2. Determine s(8).
4
Let o(y) = -2*y - 21. Suppose 3*m + 6 = -0*m. Let w = -11 - m. Let p be o(w). Let r(h) = -h**2 + 3. Determine r(p).
-6
Let r(y) = -2*y**2 + 0*y**2 + 14*y + 0 - 5. Let f be ((-150)/24 - -6)*20. Let c(o) = -o**2 + 7*o - 3. Let u(m) = f*c(m) + 3*r(m). Give u(7).
0
Let i(u) be the third derivative of -u**4/12 + 5*u**3/6 + 4*u**2 + 43*u. Let s be (-2)/(-5) - 39/(-15). Let j be (2/3)/(s/18). Determine i(j).
-3
Let j be (56/(-15))/(-2) + 8/60. Let n(r) = -56*r**2 - 4 + 112*r**2 - 57*r**j + 4*r. Calculate n(5).
-9
Let i(q) = -q**2 - 3*q - 1. Let t be i(-2). Suppose t = -p - 3. Let c(h) be the first derivative of h**2 + 6*h + 18. Determine c(p).
-2
Let n be (-319)/(-870) + 22/(-10) + 2. Let b(c) be the second derivative of 0 + 4*c - c**2 + n*c**3. Determine b(0).
-2
Suppose 0 = g - 3*h + 6, -11 + 5 = -3*h. Let t(o) = 7*o + 7*o + g*o - 15*o. Calculate t(-2).
2
Let j(h) = -h**2 - 4*h - 1 - 3*h - 2. Let x = 148 - 155. What is j(x)?
-3
Let i(v) be the first derivative of -6*v**2 + 5*v + 5. Let n(q) = -13*q + 6. Let h(k) = -5*i(k) + 4*n(k). Determine h(2).
15
Let q(o) = o**2 + 9*o - 10. Let t be ((-255)/(-102) - (1 + -1))*-4. Determine q(t).
0
Let j(a) = 0*a - 5 - 1 + 3*a + 7. Suppose 2 = 3*d - 3*m + 8, -4*d - 4*m + 32 = 0. Suppose 0 = d*y + 9 - 3. Calculate j(y).
-5
Let z(u) = 20*u + 7*u**2 + 6 + 1 - 21*u. Let f(p) = 15*p**2 - 3*p + 15. Suppose -2*w = -0*w + 26. Let v(j) = w*z(j) + 6*f(j). Calculate v(-4).
3
Let a(u) be the first derivative of 3*u**2/2 - 3*u + 22. Let v be a(1). Let q(t) = t**2 - t + 3. What is q(v)?
3
Let s(u) = u**2 - 5*u + 3. Suppose -f + 21 = -2*z, -3*z = 3*f + 10 - 64. Suppose -3*m + f = l, 2*l = m - 3 - 1. Calculate s(m).
9
Suppose -8*g = -6*g + 8. Let x be 10*((3 - -3)/(-3))/g. Let s(n) = n**3 + 2 + 8*n - 7*n**2 - 10 + 1. Determine s(x).
-17
Let j(s) = 2*s - 6. Suppose 7 = i - y, 2*i - 3*y - 13 = 2. Let c be (-9)/6*(-4)/i. Let g be c/(-5) - 31/(-5). Calculate j(g).
6
Let h = -5 - -3. Let n be 4/(2 - (-4 - -4)). Let r(o) = -o**2 + 3 + n - 3*o - 4. Determine r(h).
3
Let s(x) = -2*x**2 - 2*x + 2. Suppose -60*g + 56*g = 4*w, -5*w + 24 = -g. What is s(g)?
-22
Let r be (8 - 7)/((-27)/30 + 1). Let y = -1 + 3. Suppose -p - y*m - r = m, 3*m - 4 = p. Let k(x) = -x**3 - 8*x**2 - 9*x - 8. What is k(p)?
6
Let a(h) be the first derivative of h**4/4 + 5*h**3/3 + h**2 - 3*h - 17. Suppose -15 = 26*l + 89. Give a(l).
5
Let r(z) be the first derivative of z**4/2 + z**3/3 - 2*z**2 + 5*z - 235. Determine r(0).
5
Suppose -6*q = -5*q - 25. Let r(s) = -31*s**2 - q*s**2 - 7*s + 57*s**2 + 2. Determine r(7).
2
Suppose 2*j = z + 17 - 29, 0 = -2*z + j + 24. Let y(c) = c**3 - 13*c**2 + 10*c + 10. Give y(z).
-14
Suppose -3*t - 9 = 0, -4*t = -3*s + 11 + 37. Suppose 7*m = 10*m - s. Let z(x) be the first derivative of 2*x**3/3 - 5*x**2/2 - 2*x + 1. What is z(m)?
10
Let t = -28 + 23. Let m(q) = 2*q**3 + 7*q**2 + 8*q + 15. Let c(i) = -i**3 - 3*i**2 - 4*i - 8. Let w(p) = 5*c(p) + 3*m(p). What is w(t)?
10
Let q(w) = w + 3 + 2 + 0 - 4*w + 5*w. Determine q(-5).
-5
Let g(m) = 1 - 3*m + 0*m - 7*m. Let z be (1 + -2 - -1)/(-24 - -26). Let c be (-14)/(-14) - z/(-1). Calculate g(c).
-9
Let s(q) = -q**2 - 4*q + 8. Suppose 0*c = 8*c + 48. Calculate s(c).
-4
Let k(r) = 2*r**3 + 2*r**2 + r - 1. Let i(u) = -2*u**3 - 3*u**2 - 2*u + 1. Let m(t) = 3*i(t) + 4*k(t). Calculate m(-1).
-2
Let x(h) = h. Suppose 4*n = -0*m - 4*m - 128, -4*n + 4*m - 112 = 0. Let k be n/18 + 2/3. What is x(k)?
-1
Suppose -331*h = -249*h - 82. Let u(k) be the second derivative of 7*k**5/20 + k**4/6 - k**3/3 + k**2/2 - k. Determine u(h).
8
Let c(j) = -j**2 + 5*j - 4. Let v(n) = -n + 4. Let i be v(0). Let o(x) = 0 - 1 - i*x - 4. Let m be o(-2). Calculate c(m).
2
Let o(b) = 7*b**2 + b + 2. Let r(a) = 3*a**2 + 1. Let z(q) = 2*o(q) - 3*r(q). Calculate z(-1).
4
Let c(p) = 4*p. Let n = -119 - -129. Let g(m) = m**3 - 10*m**2 - m + 8. Let j be g(n). Give c(j).
-8
Let j(n) = -3*n - 6. Let i(k) = k - 11. Let c be i(9). Let x be c + 5 + (0 - 0). Suppose 6*t = x*t - 12. Calculate j(t).
6
Let i(s) be the second derivative of -1/12*s**4 - 1/20*s**5 + 7/2*s**2 + 0*s**3 + 0 + 44*s. Calculate i(0).
7
Let d(w) be the third derivative of 2*w**5/15 - w**4/12 + 70*w**2 + w. Calculate d(2).
28
Let w(j) = -293*j + 109*j + 107*j + 96*j. Give w(-1).
-19
Let j(z) = -2*z + 2. Let d(l) = -l + 2. Let t(n) = 6*d(n) - 5*j(n). Let w(c) = 1. Let i(a) = -t(a) - 5*w(a). Calculate i(-5).
13
Let r(t) = t**3 - 5*t**2 + 4*t - 1. Let c(p) = 2*p**2 - 9*p - 6. Let z be c(7). Let m = 31 - z. Let g = m + 1. Calculate r(g).
-7
Let h(y) = y**2 + 162 - 295 - y + 120. Calculate h(10).
77
Let x(w) = w**3 - 2*w**2 + w + 3. Let s be (1 - 1)*(-1 + 2)*-1. Let o be x(s). Let g(c) = -c**3 + 5*c**2 + 1. Calculate g(o).
19
Let t(q) be the third derivative of -1/6*q**3 + 0*q - 10*q**2 + 0 + 1/6*q**4. Determine t(4).
15
Suppose -3*x + 6 = -2*x. Let l be (-17)/(-5) - 4/(-40)*x. Let w(j) = -2*j + 1. Give w(l).
-7
Let s = -10 + 5. Let b(h) = 2 + 6*h - 3 + 0*h**2 + h**2. What is b(s)?
-6
Let d(k) = -8*k - 5 + k + k**2 + 2*k. Let z be 16/(-88) - 969/(-187). Determine d(z).
-5
Let l(d) = d**2 + 8*d + 4. Let f(q) = -q**3 + 13*q**2 + 2*q - 32. Let i be f(13). Give l(i).
-8
Suppose -